ond derivative of 2*x**3/3 - 4*x**2 - 2*x. Suppose 3 = q - 0*q. Let w(g) = q*h(g) - 5*k(g). Give w(6).
1
Let b(r) = 5*r - 3. Let o = 2 + -8. Let k(y) = 6*y. Let n(x) = x. Let f(s) = -k(s) + 5*n(s). Let w(p) = o*f(p) - b(p). Determine w(-4).
-1
Let g = -34 - -28. Let u(m) = m**2 + 5*m - 3. What is u(g)?
3
Suppose 0 = -2*g + w - 6, -4*g + g + 5*w - 16 = 0. Let r(k) = -k. Let z(u) = u - 8. Let c(v) = g*r(v) - z(v). Determine c(-4).
4
Suppose -11*y = -3 - 85. Let m(o) = 3*o - 1. Calculate m(y).
23
Suppose -2*k = -4*a, -2*a + 2*k = a + 1. Let u(v) = 8*v**2 - v + 1. Give u(a).
8
Let l(o) = -20*o + 16. Let h(w) = 4*w - 3. Let j(s) = 16*h(s) + 3*l(s). Give j(-1).
-4
Let u(w) = -2*w. Let m = 13 - 8. Let r be ((m - 3) + -4)/(-2). Calculate u(r).
-2
Let c(f) = 2 + 0*f**2 + 2*f**2 - 3*f - 4. Determine c(3).
7
Let s be 6/(-3) + 1 + -2. Let o(c) = -4*c**2 - 10*c - 9. Let g(i) = i**2 + i + 2. Let r(x) = -3*g(x) - o(x). Determine r(s).
-9
Let z(c) = 4 + 3*c**2 - 2*c - 2*c**2 + 5*c + c. Let b be 7/2 - (-4)/(-8). Suppose -u + 0*u = -i + 6, -5*u - b = 4*i. Give z(u).
1
Let d(c) be the second derivative of c**3/2 + 3*c**2/2 - 2*c. Let s = 3 - 6. Let y = s + -1. What is d(y)?
-9
Let k(p) be the third derivative of -p**4/12 + 4*p**3/3 + 9*p**2. Determine k(7).
-6
Let a(h) = -h**2 - 1 - 4*h - 4*h + 2*h. Suppose 4*w + q - 14 = 2*w, 5*w - 3*q = 57. Suppose 1 = 2*n - g + w, 3*n - 5*g = -5. Determine a(n).
4
Let z(w) = -w**2 + 7*w + 11. Suppose 6*g = g - 20, 0 = 2*u - g - 22. Calculate z(u).
-7
Let c(j) = j**2 + j - 3. Let p be c(-3). Let i(x) be the second derivative of x**5/20 - x**4/4 + 8*x. What is i(p)?
0
Let g(z) be the second derivative of -z**5/20 - z**4/12 - 5*z**2 - 2*z. Determine g(0).
-10
Let m(k) = k - 7. Let h = 28 - 22. Give m(h).
-1
Suppose -2*r = -5*o + 25, -3*o = r - 8 - 7. Let s(l) = l - 4. Calculate s(r).
-4
Let z = 67 + -61. Let a(m) = -m**2 + 4*m + 4. Determine a(z).
-8
Let t(b) = b**3 + 4*b**2 + b. Let o(f) = -f**3 + 24*f**2 + f - 27. Let s be o(24). Calculate t(s).
6
Let p(o) be the first derivative of -o + 2 - 3/2*o**2. Calculate p(2).
-7
Let y(n) = -n**2 + n + 6. Let p(o) = o + 1. Let d(h) = -5*p(h) - y(h). Let f be d(8). Let q(b) = -b + 3. Calculate q(f).
-2
Let u(x) be the second derivative of x**4/4 - x**3/2 - x**2/2 + 6*x. What is u(-2)?
17
Let m(g) be the first derivative of g**4/4 + 2*g**3 - g**2/2 - 1. Calculate m(-6).
6
Let n(q) = 3*q**2 + 17*q + 27. Let r(z) = z**2 + 6*z + 9. Suppose 12 = 3*b - 6. Let k(a) = b*n(a) - 17*r(a). Calculate k(0).
9
Let k(i) = -7*i**3 + 4*i**2 - 3*i - 6. Let r(b) = 13*b**3 - 7*b**2 + 5*b + 11. Let w(y) = 11*k(y) + 6*r(y). Give w(-3).
0
Suppose 3*r = 7*r - 36. Let i(g) = -g**3 + 8*g**2 + 9*g. Determine i(r).
0
Let x(w) = 1 - 3*w**3 - w**2 + 0*w + 0 - w. Let s be (14/7)/(4 + -2). Give x(s).
-4
Suppose 0*y = -5*y + 25. Let u(w) = w**2 - 6*w - 4. Give u(y).
-9
Let p(r) = -r**2 + 0*r**2 + r + 27 - 23. Let j be 4/8*0/(-1). Suppose 3*o = -j*o. What is p(o)?
4
Let c(w) = -w**3 - 4*w**2 + 2*w + 4. Let l be 2 + 4*3/(-2). Give c(l).
-4
Let u(a) be the second derivative of -a**4/12 + a**3/2 + 3*a**2 + 2*a. Determine u(5).
-4
Suppose -12 = 4*b - 8. Let l(i) = 7*i**3 + 2*i**2 + 2*i + 1. Calculate l(b).
-6
Let i be (8/10)/(14/(-35)). Let y(k) = -5*k + 1. Calculate y(i).
11
Let l(a) = 6*a**3 + 1 + 2 + 3*a + 2*a**2 - 5*a**3. Determine l(-2).
-3
Let z(t) = t + 3. Suppose -2*w - 3*v + 4 = 0, -2*v - 7 = w - 5*v. Let b = -3 - w. Calculate z(b).
1
Let w(q) = 2*q**3 + 2*q**2 - q. Let v be (-6 - 2)*(-4)/4. Suppose -5*z = -4*k - 2, 4*k = 8*k - 2*z + v. Let r be 1/3*(-9)/k. Give w(r).
3
Let f(t) = -32*t**3 + 5*t**2 - 9*t + 9. Let y(q) = -8*q**3 + q**2 - 2*q + 2. Let h = -6 - -8. Let s(j) = h*f(j) - 9*y(j). Give s(-1).
-7
Let n(w) = 3*w**2 - 1. Suppose 0 = -0*l - 6*l - 18. Let t = -4 - l. Calculate n(t).
2
Let d(y) = -2*y + 266*y**3 + 4*y**2 - 533*y**3 + 266*y**3. What is d(3)?
3
Let s = 0 - -5. Let g(n) = 2 + 0*n - n - 3 + 3. Calculate g(s).
-3
Let b(c) = -c**2 + c - 4. Let d be (-1 - (-2 - -3))*-1. Suppose -d*u + 5*u = 0, 0 = -4*m - 4*u. What is b(m)?
-4
Let b(k) = -9*k - 5. Let r be b(-1). Let q(u) be the third derivative of u**3 + 0*u - u**2 - 1/24*u**r + 0. Determine q(4).
2
Let b(k) = -k + 1. Let h(i) = i**3 - 9*i**2 - 11*i + 9. Let n be h(10). Let y(a) = a**2 - 11*a - 2. Let o(u) = n*y(u) + 5*b(u). Let x = -8 - -14. Give o(x).
7
Let q(w) = w + 2. Let i be 2*(11/2 + -3). Suppose -i*d - 25 = -0*d. Give q(d).
-3
Let p(y) be the third derivative of y**4/8 - y**2. Let c be p(1). Let g(v) be the third derivative of -v**4/24 + 5*v**2. Calculate g(c).
-3
Let b(l) = -218*l - 4 + 112*l + 105*l. Determine b(8).
-12
Let a(z) = -3*z**2 - 2*z + 1. Let j(c) = -102 + c**2 + 102. Let m(u) = a(u) + 4*j(u). What is m(3)?
4
Let a(k) = k**2 + 3*k - 4. Let q(l) = l**2 + 4*l. Let p be q(-3). Calculate a(p).
-4
Let w(t) be the third derivative of -t**6/120 - 9*t**2. Calculate w(-1).
1
Let u(m) = -2*m - 4. Let t be u(-3). Let a(n) = n**2 + 2*n - 2. Calculate a(t).
6
Let n(d) = d. Let s(g) = -174*g. Let a be s(1). Let r be (-4)/18 + a/(-54). Give n(r).
3
Let g(j) = 5*j**2 - j + 7. Let c(i) = 14*i**2 - 4*i + 20. Let r(d) = -4*c(d) + 11*g(d). Determine r(3).
3
Let t be 0/((0 - -1) + -2). Let l = 3 + t. Let f(n) = -2 + 2 + 1 + n. What is f(l)?
4
Let v(w) be the third derivative of -w**6/120 + w**5/60 + w**4/24 - w**3/6 + 8*w**2. What is v(0)?
-1
Let j(s) = 5*s**2 - 9*s - 3 + 15*s - 7*s - s**3. Give j(5).
-8
Let n be 1/((-1)/(-9) - 0). Let g(r) = -1 - 2*r - 1 + n. Let f(u) = u - 4. Let o(a) = 11*f(a) + 6*g(a). Determine o(5).
-7
Let n(q) = -2*q**2 - 4*q - 1. Let k(o) = 3*o**2 + 7*o + 3. Let i(s) = 3*k(s) + 5*n(s). Determine i(3).
-2
Let p(t) = -3*t. Let i = 29 + -26. Give p(i).
-9
Let z(t) = t**3 - t**2 - 1. Let d(w) = w**2 + 8*w - 4. Let s be d(-9). Suppose 0 = -4*v + 2*x + 10, 0 = -s*v + x + 4*x + 15. What is z(v)?
3
Let f(p) = p**3 - 7*p**2 + 3*p + 7. Let t be ((-20)/(-3))/((-22)/(-33)). Let x = t + -4. Give f(x).
-11
Let t(n) = -n**2 + 7*n. Let s = -13 - -38. Suppose -3*g + s + 14 = 3*m, m = g + 3. Let a = m - 2. Determine t(a).
6
Let s(l) be the third derivative of 0 + 1/12*l**4 - 4*l**2 + 1/2*l**3 + 0*l. Let b(z) = -z - 1. Let r be b(3). What is s(r)?
-5
Let d = -21 + 21. Suppose -5*m + 1 - 11 = d. Let s(q) = -2*q**3 - q**2 + 2*q. Determine s(m).
8
Suppose -2 = 2*w - 20. Let r(l) = 2*l**3 + 2*l**2 - l + 2. Let d be r(-2). Let y = d + w. Let p(a) = -a + 2. What is p(y)?
-3
Let m(w) = w**2 - 8*w + 88 - 44 - 43. Calculate m(8).
1
Let p(v) = v - 2. Let o be 7/2 + 5/(-10). Suppose -5*w = -o*w. Determine p(w).
-2
Let z(t) = 3*t**3 - 10*t**2 - 8*t - 8. Let q(o) = -o**3 + 5*o**2 + 4*o + 4. Let l be (-2)/(4/(-10)) - 0. Let c(h) = l*q(h) + 2*z(h). Give c(-4).
4
Suppose -2*x = -8, -7*x + 2*x = s - 19. Let i(f) = f + 2. Give i(s).
1
Let s(k) = -k**2 + 2. Let f(h) be the first derivative of -h**2/2 + 3*h - 3. Let q = 4 + -4. Let d be f(q). Determine s(d).
-7
Suppose 0 = -4*v + 3 + 5. Suppose 2*j - 15 = 2*w - 5, 0 = -5*j + 3*w + 15. Let i(b) = -3*b + j*b**2 + 2*b**2 + 0*b. Give i(v).
2
Let n(a) be the third derivative of -a**4/24 + 7*a**3/6 - 13*a**2. Give n(6).
1
Let k = 51 - 48. Let h(m) be the third derivative of 1/3*m**k - m**2 + 0*m + 0 + 1/24*m**4. Give h(-6).
-4
Let o = 5 - 12. Let k = o + 6. Let c(t) = 10*t + 1. Determine c(k).
-9
Let s(j) be the first derivative of 5*j**4/4 + j**2/2 - 14. Calculate s(1).
6
Let y be 0 - (2*-1 + 1). Let r(x) be the first derivative of x**3/3 + x**2/2 - 51. Give r(y).
2
Let k = -6 - -2. Let t be (-5 - -3)/2*k. Let g(l) = 6*l - 2*l - 2 - 3*l. Determine g(t).
2
Let l(o) = -2*o - 5. Let b(v) = 3*v**2 - v - 4. Let a be b(2). Let y(h) = 6*h + 14. Let q(t) = a*y(t) + 17*l(t). Give q(1).
1
Suppose -v + 3*v - 4 = 0. Let l(x) = 88*x. Let y(t) = -10*t. Let r(k) = -6*l(k) - 52*y(k). Determine r(v).
-16
Let h(s) = 2*s**2 + 2*s. Let b(o) = -o**2 - 6*o + 7. Let g be b(-7). Suppose 2*j + g = -4. What is h(j)?
4
Let i(w) be the third derivative of w**5/30 - w**4/12 - w**3/6 + 15*w**2. Give i(-2).
11
Let g(k) = -5*k. Let c(s) be the second derivative of -s**3/6 + 2*s. Let b = 8 - 14. Let q(h) = b*c(h) + g(h). What is q(-4)?
-4
Let c(v) = 8*v. Let d(w) = w**3 + w**2 - 5*w - 5. Let y be d(-2). Calculate c(y).
8
Suppose 3*q - 14 + 2 = 0. Su